{"id":54,"date":"2020-11-21T11:59:18","date_gmt":"2020-11-21T10:59:18","guid":{"rendered":"https:\/\/mielsdelagalaure.com\/?page_id=54"},"modified":"2026-02-19T10:50:38","modified_gmt":"2026-02-19T09:50:38","slug":"qui-sommes-nous","status":"publish","type":"page","link":"https:\/\/mielsdelagalaure.com\/index.php\/qui-sommes-nous\/","title":{"rendered":"QUI SOMMES-NOUS"},"content":{"rendered":"\n<h3 class=\"wp-block-heading has-text-align-center\">Jacques BERTHOLET QUINTANA, <\/h3>\n\n\n\n<h3 class=\"wp-block-heading has-text-align-center\">apiculteur r\u00e9coltant depuis plus de 30 ans <\/h3>\n\n\n\n<div class=\"wp-block-cover is-light is-position-center-center\"><img loading=\"lazy\" decoding=\"async\" width=\"2560\" height=\"1440\" class=\"wp-block-cover__image-background wp-image-189\" alt=\"\" src=\"https:\/\/mielsdelagalaure.com\/wp-content\/uploads\/2020\/11\/au-rucher-scaled.jpg\" data-object-fit=\"cover\" srcset=\"https:\/\/mielsdelagalaure.com\/wp-content\/uploads\/2020\/11\/au-rucher-scaled.jpg 2560w, https:\/\/mielsdelagalaure.com\/wp-content\/uploads\/2020\/11\/au-rucher-scaled-600x338.jpg 600w, https:\/\/mielsdelagalaure.com\/wp-content\/uploads\/2020\/11\/au-rucher-300x169.jpg 300w, https:\/\/mielsdelagalaure.com\/wp-content\/uploads\/2020\/11\/au-rucher-1024x576.jpg 1024w, https:\/\/mielsdelagalaure.com\/wp-content\/uploads\/2020\/11\/au-rucher-768x432.jpg 768w, https:\/\/mielsdelagalaure.com\/wp-content\/uploads\/2020\/11\/au-rucher-1536x864.jpg 1536w, https:\/\/mielsdelagalaure.com\/wp-content\/uploads\/2020\/11\/au-rucher-2048x1152.jpg 2048w\" sizes=\"auto, (max-width: 2560px) 100vw, 2560px\" \/><span aria-hidden=\"true\" class=\"wp-block-cover__background has-background-dim-0 has-background-dim\"><\/span><div class=\"wp-block-cover__inner-container is-layout-flow wp-block-cover-is-layout-flow\">\n<p class=\"has-text-align-center has-large-font-size\"><\/p>\n<\/div><\/div>\n\n\n\n<h3 class=\"wp-block-heading has-text-align-center\">C&rsquo;est en Dr\u00f4me des Collines, magnifique r\u00e9gion, riche en fleurs et arbres divers : fleurs de prairies, arbres fruitiers, acacia, ch\u00e2taignier, tournesol &#8230; qu&rsquo;il exerce sa passion.<\/h3>\n\n\n\n<p><\/p>\n\n\n\n<p><\/p>\n\n\n\n<p><\/p>\n\n\n\n<p><\/p>\n\n\n\n<h3 class=\"wp-block-heading\">Une passion qui ne date pas d&rsquo;hier &#8230;<\/h3>\n\n\n\n<p class=\"has-normal-font-size\">Jacques d\u00e8s sa plus tendre enfance fut initi\u00e9 \u00e0 l&rsquo;apiculture par son grand-p\u00e8re. Il n&rsquo;\u00e9tait pas rare de compter dans les fermes une ou plusieurs ruches pour leur propre consommation de miel. La passion \u00e9tait n\u00e9e. Il d\u00e9cida alors \u00e0 l&rsquo;\u00e2ge de 20 ans de suivre des cours d&rsquo;apiculture \u00e0 Nyons durant plusieurs ann\u00e9es. Pendant pr\u00e8s de 30 ans, il partagea sa passion avec sa famille, ses enfants et son entourage en leur faisant profiter ainsi de ces r\u00e9coltes.<\/p>\n\n\n\n<div class=\"wp-block-media-text alignwide has-media-on-the-right is-stacked-on-mobile\" style=\"grid-template-columns:auto 37%\"><div class=\"wp-block-media-text__content\">\n<h3 class=\"wp-block-heading\">Miels de la Galaure, une histoire de famille.<\/h3>\n\n\n\n<p class=\"has-normal-font-size\">Changement de cap pour sa femme Marie en 2010, elle choisit de faire de la passion de son mari, la sienne mais aussi son activit\u00e9 principale. Ils d\u00e9cident alors de cr\u00e9er Les Miels de la Galaure. Ensemble ils agrandissent leur cheptel avec un rucher aujourd&rsquo;hui de plus de 120 ruches, comptant plusieurs millions d&rsquo;abeilles. Il est principalement compos\u00e9 de 2 races d&rsquo;abeilles, qui se nomment buckfast et carnica toutes deux dites abeilles domestiques : Apis mellifera. Ils ouvrent une boutique au plus pr\u00e9s de leurs butineuses et vont \u00e0 la rencontre des amateurs de miels sur les march\u00e9s.<\/p>\n<\/div><figure class=\"wp-block-media-text__media\"><img loading=\"lazy\" decoding=\"async\" width=\"1024\" height=\"683\" src=\"https:\/\/mielsdelagalaure.com\/wp-content\/uploads\/2020\/11\/pexels-pixabay-248342-1024x683.jpg\" alt=\"\" class=\"wp-image-267 size-full\" srcset=\"https:\/\/mielsdelagalaure.com\/wp-content\/uploads\/2020\/11\/pexels-pixabay-248342-1024x683.jpg 1024w, https:\/\/mielsdelagalaure.com\/wp-content\/uploads\/2020\/11\/pexels-pixabay-248342-scaled-600x400.jpg 600w, https:\/\/mielsdelagalaure.com\/wp-content\/uploads\/2020\/11\/pexels-pixabay-248342-300x200.jpg 300w, https:\/\/mielsdelagalaure.com\/wp-content\/uploads\/2020\/11\/pexels-pixabay-248342-768x512.jpg 768w, https:\/\/mielsdelagalaure.com\/wp-content\/uploads\/2020\/11\/pexels-pixabay-248342-1536x1024.jpg 1536w, https:\/\/mielsdelagalaure.com\/wp-content\/uploads\/2020\/11\/pexels-pixabay-248342-2048x1365.jpg 2048w\" sizes=\"auto, (max-width: 1024px) 100vw, 1024px\" \/><\/figure><\/div>\n\n\n\n<h3 class=\"wp-block-heading\">Produits de la Ruche<\/h3>\n\n\n\n<p class=\"has-normal-font-size\">Api&rsquo;Mary n\u00e9e en 2011 du d\u00e9sir de faire connaitre tous les tr\u00e9sors de la Ruche. Elle permet ainsi de proposer des produits d&rsquo;apith\u00e9rapie tels que Gel\u00e9e Royale, Pollen, Teinture m\u00e8re de Propolis, ainsi que des produits cosm\u00e9tiques\u2026<\/p>\n\n\n\n<p><\/p>\n\n\n\n<div class=\"wp-block-media-text alignwide is-stacked-on-mobile\" style=\"grid-template-columns:37% auto\"><figure class=\"wp-block-media-text__media\"><img loading=\"lazy\" decoding=\"async\" width=\"1024\" height=\"576\" src=\"https:\/\/mielsdelagalaure.com\/wp-content\/uploads\/2020\/11\/cadre-couvain-1024x576.jpg\" alt=\"\" class=\"wp-image-191 size-full\" srcset=\"https:\/\/mielsdelagalaure.com\/wp-content\/uploads\/2020\/11\/cadre-couvain-1024x576.jpg 1024w, https:\/\/mielsdelagalaure.com\/wp-content\/uploads\/2020\/11\/cadre-couvain-scaled-600x338.jpg 600w, https:\/\/mielsdelagalaure.com\/wp-content\/uploads\/2020\/11\/cadre-couvain-300x169.jpg 300w, https:\/\/mielsdelagalaure.com\/wp-content\/uploads\/2020\/11\/cadre-couvain-768x432.jpg 768w, https:\/\/mielsdelagalaure.com\/wp-content\/uploads\/2020\/11\/cadre-couvain-1536x864.jpg 1536w, https:\/\/mielsdelagalaure.com\/wp-content\/uploads\/2020\/11\/cadre-couvain-2048x1152.jpg 2048w\" sizes=\"auto, (max-width: 1024px) 100vw, 1024px\" \/><\/figure><div class=\"wp-block-media-text__content\">\n<h3 class=\"wp-block-heading\">Et leur engagement dans tout \u00e7a ?<\/h3>\n\n\n\n<p class=\"has-normal-font-size\">Ils rejoignent le GDS26, Groupement D\u00e9fense Sanitaire de la Dr\u00f4me &#8211; section apicole afin de partager et de se tenir informer sur la condition actuelle des abeilles. Et oui, il faut rester vigilant, nos Apis mellifera poss\u00e8dent quelques pr\u00e9dateurs : parasites, frelons asiatiques pour ne citer qu&rsquo;eux. C&rsquo;est pour cela que Jacques suit en septembre 2013 une formation d&rsquo;agent sanitaire apicole, ce qui lui permet de conseiller et d&rsquo;assurer le contr\u00f4le des ruches (maladies, traitement, &#8230;) des professionnels et amateurs. Puis en 2015, il devient r\u00e9f\u00e9rent frelon asiatique. Sa mission ici est de r\u00e9pertorier les nids de ce mangeur d&rsquo;abeilles afin de pouvoir agir en cons\u00e9quence.<\/p>\n<\/div><\/div>\n\n\n\n<h3 class=\"wp-block-heading\">Des miels authentiques<\/h3>\n\n\n\n<p class=\"has-normal-font-size\">Profitant de la richesse de la flore locale, tous les miels proviennent du d\u00e9partement essentiellement en Dr\u00f4me des Collines. Ses petites butineuses voyagent toutefois jusqu&rsquo;\u00e0 la Dr\u00f4me Proven\u00e7ale, pour produire un succulent nectar de lavande tant appr\u00e9ci\u00e9 par les amateurs de miels. Cette transhumance a lieu fin juin. Ils vous proposent ainsi : <\/p>\n\n\n\n<p class=\"has-normal-font-size\">&#8211; des miels polyfloraux : miel de printemps, miel de fleur d&rsquo;\u00e9t\u00e9 ; <\/p>\n\n\n\n<p class=\"has-normal-font-size\">&#8211; des miels monofloraux : miel d&rsquo;acacia, miel de lavande, miel de ch\u00e2taignier. <\/p>\n\n\n\n<p class=\"has-normal-font-size\">Riche de ce savoir-faire, vous trouverez ici des miels de qualit\u00e9, non-pasteuris\u00e9 et \u00e9videment sans additif.<\/p>\n\n\n<div class=\"wp-block-image\">\n<figure class=\"aligncenter size-large is-resized\"><a href=\"https:\/\/www.autour-du-palais-ideal.fr\/sorganiser\/destination-eco-responsable\/\"><img loading=\"lazy\" decoding=\"async\" width=\"1024\" height=\"1024\" src=\"https:\/\/mielsdelagalaure.com\/wp-content\/uploads\/2024\/07\/Tourisme-responsable-2-feuilles-Portes-DromArdeche-1024x1024.png\" alt=\"\" class=\"wp-image-631\" style=\"object-fit:cover;width:250px;height:250px\" srcset=\"https:\/\/mielsdelagalaure.com\/wp-content\/uploads\/2024\/07\/Tourisme-responsable-2-feuilles-Portes-DromArdeche-1024x1024.png 1024w, https:\/\/mielsdelagalaure.com\/wp-content\/uploads\/2024\/07\/Tourisme-responsable-2-feuilles-Portes-DromArdeche-300x300.png 300w, https:\/\/mielsdelagalaure.com\/wp-content\/uploads\/2024\/07\/Tourisme-responsable-2-feuilles-Portes-DromArdeche-150x150.png 150w, https:\/\/mielsdelagalaure.com\/wp-content\/uploads\/2024\/07\/Tourisme-responsable-2-feuilles-Portes-DromArdeche-768x769.png 768w, https:\/\/mielsdelagalaure.com\/wp-content\/uploads\/2024\/07\/Tourisme-responsable-2-feuilles-Portes-DromArdeche-435x435.png 435w, https:\/\/mielsdelagalaure.com\/wp-content\/uploads\/2024\/07\/Tourisme-responsable-2-feuilles-Portes-DromArdeche-60x60.png 60w, https:\/\/mielsdelagalaure.com\/wp-content\/uploads\/2024\/07\/Tourisme-responsable-2-feuilles-Portes-DromArdeche-600x600.png 600w, https:\/\/mielsdelagalaure.com\/wp-content\/uploads\/2024\/07\/Tourisme-responsable-2-feuilles-Portes-DromArdeche.png 1418w\" sizes=\"auto, (max-width: 1024px) 100vw, 1024px\" \/><\/a><\/figure>\n<\/div>\n\n\n<p>Nous avons le label Tourisme Responsable v\u00e9rifi\u00e9 de l&rsquo;Office du Tourisme 2 feuilles (77\/100 points)<\/p>\n\n\n\n<p>Tous nos miels sont mis en vente dans des pots en verre. Les sacs d&#8217;emballage sont essentiellement en papier. Les d\u00e9chets de la miellerie et de la boutique sont tri\u00e9s.<\/p>\n\n\n\n<p><\/p>\n\n\n\n<p><\/p>\n\n\n\n<p><\/p>\n","protected":false},"excerpt":{"rendered":"<p>Jacques BERTHOLET QUINTANA, apiculteur r\u00e9coltant depuis plus de 30 ans C&rsquo;est en Dr\u00f4me des Collines, magnifique r\u00e9gion, riche en fleurs et arbres divers : fleurs de prairies, arbres fruitiers, acacia, ch\u00e2taignier, tournesol &#8230; qu&rsquo;il exerce sa passion. Une passion qui ne date pas d&rsquo;hier &#8230; Jacques d\u00e8s sa plus tendre enfance fut initi\u00e9 \u00e0 l&rsquo;apiculture &hellip; <\/p>\n","protected":false},"author":1,"featured_media":0,"parent":0,"menu_order":0,"comment_status":"closed","ping_status":"closed","template":"","meta":{"footnotes":""},"class_list":["post-54","page","type-page","status-publish","hentry"],"yoast_head":"<!-- This site is optimized with the Yoast SEO plugin v23.2 - https:\/\/yoast.com\/wordpress\/plugins\/seo\/ -->\n<title>QUI SOMMES-NOUS - Miels de la Galaure<\/title>\n<meta name=\"robots\" content=\"index, follow, max-snippet:-1, max-image-preview:large, max-video-preview:-1\" \/>\n<link rel=\"canonical\" href=\"https:\/\/mielsdelagalaure.com\/index.php\/qui-sommes-nous\/\" \/>\n<meta property=\"og:locale\" content=\"fr_FR\" \/>\n<meta property=\"og:type\" content=\"article\" \/>\n<meta property=\"og:title\" content=\"QUI SOMMES-NOUS - Miels de la Galaure\" \/>\n<meta property=\"og:description\" content=\"Jacques BERTHOLET QUINTANA, apiculteur r\u00e9coltant depuis plus de 30 ans C&rsquo;est en Dr\u00f4me des Collines, magnifique r\u00e9gion, riche en fleurs et arbres divers : fleurs de prairies, arbres fruitiers, acacia, ch\u00e2taignier, tournesol &#8230; qu&rsquo;il exerce sa passion. Une passion qui ne date pas d&rsquo;hier &#8230; Jacques d\u00e8s sa plus tendre enfance fut initi\u00e9 \u00e0 l&rsquo;apiculture &hellip;\" \/>\n<meta property=\"og:url\" content=\"https:\/\/mielsdelagalaure.com\/index.php\/qui-sommes-nous\/\" \/>\n<meta property=\"og:site_name\" content=\"Miels de la Galaure\" \/>\n<meta property=\"article:publisher\" content=\"https:\/\/m.facebook.com\/MariePascaleBertholet\/?tsid=0.8725199219164916&amp;amp%3bamp%3bamp%3bamp%3bamp%3bamp%3bamp%3bamp%3bamp%3bsource=result\" \/>\n<meta property=\"article:modified_time\" content=\"2026-02-19T09:50:38+00:00\" \/>\n<meta property=\"og:image\" content=\"https:\/\/mielsdelagalaure.com\/wp-content\/uploads\/2020\/11\/au-rucher-scaled.jpg\" \/>\n<meta name=\"twitter:card\" content=\"summary_large_image\" \/>\n<meta name=\"twitter:label1\" content=\"Dur\u00e9e de lecture estim\u00e9e\" \/>\n\t<meta name=\"twitter:data1\" content=\"4 minutes\" \/>\n<script type=\"application\/ld+json\" class=\"yoast-schema-graph\">{\"@context\":\"https:\/\/schema.org\",\"@graph\":[{\"@type\":\"WebPage\",\"@id\":\"https:\/\/mielsdelagalaure.com\/index.php\/qui-sommes-nous\/\",\"url\":\"https:\/\/mielsdelagalaure.com\/index.php\/qui-sommes-nous\/\",\"name\":\"QUI SOMMES-NOUS - Miels de la Galaure\",\"isPartOf\":{\"@id\":\"https:\/\/mielsdelagalaure.com\/#website\"},\"primaryImageOfPage\":{\"@id\":\"https:\/\/mielsdelagalaure.com\/index.php\/qui-sommes-nous\/#primaryimage\"},\"image\":{\"@id\":\"https:\/\/mielsdelagalaure.com\/index.php\/qui-sommes-nous\/#primaryimage\"},\"thumbnailUrl\":\"https:\/\/mielsdelagalaure.com\/wp-content\/uploads\/2020\/11\/au-rucher-scaled.jpg\",\"datePublished\":\"2020-11-21T10:59:18+00:00\",\"dateModified\":\"2026-02-19T09:50:38+00:00\",\"breadcrumb\":{\"@id\":\"https:\/\/mielsdelagalaure.com\/index.php\/qui-sommes-nous\/#breadcrumb\"},\"inLanguage\":\"fr-FR\",\"potentialAction\":[{\"@type\":\"ReadAction\",\"target\":[\"https:\/\/mielsdelagalaure.com\/index.php\/qui-sommes-nous\/\"]}]},{\"@type\":\"ImageObject\",\"inLanguage\":\"fr-FR\",\"@id\":\"https:\/\/mielsdelagalaure.com\/index.php\/qui-sommes-nous\/#primaryimage\",\"url\":\"https:\/\/mielsdelagalaure.com\/wp-content\/uploads\/2020\/11\/au-rucher-scaled.jpg\",\"contentUrl\":\"https:\/\/mielsdelagalaure.com\/wp-content\/uploads\/2020\/11\/au-rucher-scaled.jpg\",\"width\":2560,\"height\":1440},{\"@type\":\"BreadcrumbList\",\"@id\":\"https:\/\/mielsdelagalaure.com\/index.php\/qui-sommes-nous\/#breadcrumb\",\"itemListElement\":[{\"@type\":\"ListItem\",\"position\":1,\"name\":\"Accueil\",\"item\":\"https:\/\/mielsdelagalaure.com\/\"},{\"@type\":\"ListItem\",\"position\":2,\"name\":\"QUI SOMMES-NOUS\"}]},{\"@type\":\"WebSite\",\"@id\":\"https:\/\/mielsdelagalaure.com\/#website\",\"url\":\"https:\/\/mielsdelagalaure.com\/\",\"name\":\"MielsdelaGalaure\",\"description\":\"Tous les tr\u00e9sors de la Ruche\",\"publisher\":{\"@id\":\"https:\/\/mielsdelagalaure.com\/#organization\"},\"potentialAction\":[{\"@type\":\"SearchAction\",\"target\":{\"@type\":\"EntryPoint\",\"urlTemplate\":\"https:\/\/mielsdelagalaure.com\/?s={search_term_string}\"},\"query-input\":\"required name=search_term_string\"}],\"inLanguage\":\"fr-FR\"},{\"@type\":\"Organization\",\"@id\":\"https:\/\/mielsdelagalaure.com\/#organization\",\"name\":\"Miels de la Galaure\",\"url\":\"https:\/\/mielsdelagalaure.com\/\",\"logo\":{\"@type\":\"ImageObject\",\"inLanguage\":\"fr-FR\",\"@id\":\"https:\/\/mielsdelagalaure.com\/#\/schema\/logo\/image\/\",\"url\":\"\",\"contentUrl\":\"\",\"caption\":\"Miels de la Galaure\"},\"image\":{\"@id\":\"https:\/\/mielsdelagalaure.com\/#\/schema\/logo\/image\/\"},\"sameAs\":[\"https:\/\/m.facebook.com\/MariePascaleBertholet\/?tsid=0.8725199219164916&amp;amp;amp;amp;amp;amp;amp;amp;amp;source=result\"]}]}<\/script>\n<!-- \/ Yoast SEO plugin. -->","yoast_head_json":{"title":"QUI SOMMES-NOUS - Miels de la Galaure","robots":{"index":"index","follow":"follow","max-snippet":"max-snippet:-1","max-image-preview":"max-image-preview:large","max-video-preview":"max-video-preview:-1"},"canonical":"https:\/\/mielsdelagalaure.com\/index.php\/qui-sommes-nous\/","og_locale":"fr_FR","og_type":"article","og_title":"QUI SOMMES-NOUS - Miels de la Galaure","og_description":"Jacques BERTHOLET QUINTANA, apiculteur r\u00e9coltant depuis plus de 30 ans C&rsquo;est en Dr\u00f4me des Collines, magnifique r\u00e9gion, riche en fleurs et arbres divers : fleurs de prairies, arbres fruitiers, acacia, ch\u00e2taignier, tournesol &#8230; qu&rsquo;il exerce sa passion. Une passion qui ne date pas d&rsquo;hier &#8230; Jacques d\u00e8s sa plus tendre enfance fut initi\u00e9 \u00e0 l&rsquo;apiculture &hellip;","og_url":"https:\/\/mielsdelagalaure.com\/index.php\/qui-sommes-nous\/","og_site_name":"Miels de la Galaure","article_publisher":"https:\/\/m.facebook.com\/MariePascaleBertholet\/?tsid=0.8725199219164916&amp%3bamp%3bamp%3bamp%3bamp%3bamp%3bamp%3bamp%3bamp%3bsource=result","article_modified_time":"2026-02-19T09:50:38+00:00","og_image":[{"url":"https:\/\/mielsdelagalaure.com\/wp-content\/uploads\/2020\/11\/au-rucher-scaled.jpg"}],"twitter_card":"summary_large_image","twitter_misc":{"Dur\u00e9e de lecture estim\u00e9e":"4 minutes"},"schema":{"@context":"https:\/\/schema.org","@graph":[{"@type":"WebPage","@id":"https:\/\/mielsdelagalaure.com\/index.php\/qui-sommes-nous\/","url":"https:\/\/mielsdelagalaure.com\/index.php\/qui-sommes-nous\/","name":"QUI SOMMES-NOUS - Miels de la Galaure","isPartOf":{"@id":"https:\/\/mielsdelagalaure.com\/#website"},"primaryImageOfPage":{"@id":"https:\/\/mielsdelagalaure.com\/index.php\/qui-sommes-nous\/#primaryimage"},"image":{"@id":"https:\/\/mielsdelagalaure.com\/index.php\/qui-sommes-nous\/#primaryimage"},"thumbnailUrl":"https:\/\/mielsdelagalaure.com\/wp-content\/uploads\/2020\/11\/au-rucher-scaled.jpg","datePublished":"2020-11-21T10:59:18+00:00","dateModified":"2026-02-19T09:50:38+00:00","breadcrumb":{"@id":"https:\/\/mielsdelagalaure.com\/index.php\/qui-sommes-nous\/#breadcrumb"},"inLanguage":"fr-FR","potentialAction":[{"@type":"ReadAction","target":["https:\/\/mielsdelagalaure.com\/index.php\/qui-sommes-nous\/"]}]},{"@type":"ImageObject","inLanguage":"fr-FR","@id":"https:\/\/mielsdelagalaure.com\/index.php\/qui-sommes-nous\/#primaryimage","url":"https:\/\/mielsdelagalaure.com\/wp-content\/uploads\/2020\/11\/au-rucher-scaled.jpg","contentUrl":"https:\/\/mielsdelagalaure.com\/wp-content\/uploads\/2020\/11\/au-rucher-scaled.jpg","width":2560,"height":1440},{"@type":"BreadcrumbList","@id":"https:\/\/mielsdelagalaure.com\/index.php\/qui-sommes-nous\/#breadcrumb","itemListElement":[{"@type":"ListItem","position":1,"name":"Accueil","item":"https:\/\/mielsdelagalaure.com\/"},{"@type":"ListItem","position":2,"name":"QUI SOMMES-NOUS"}]},{"@type":"WebSite","@id":"https:\/\/mielsdelagalaure.com\/#website","url":"https:\/\/mielsdelagalaure.com\/","name":"MielsdelaGalaure","description":"Tous les tr\u00e9sors de la Ruche","publisher":{"@id":"https:\/\/mielsdelagalaure.com\/#organization"},"potentialAction":[{"@type":"SearchAction","target":{"@type":"EntryPoint","urlTemplate":"https:\/\/mielsdelagalaure.com\/?s={search_term_string}"},"query-input":"required name=search_term_string"}],"inLanguage":"fr-FR"},{"@type":"Organization","@id":"https:\/\/mielsdelagalaure.com\/#organization","name":"Miels de la Galaure","url":"https:\/\/mielsdelagalaure.com\/","logo":{"@type":"ImageObject","inLanguage":"fr-FR","@id":"https:\/\/mielsdelagalaure.com\/#\/schema\/logo\/image\/","url":"","contentUrl":"","caption":"Miels de la Galaure"},"image":{"@id":"https:\/\/mielsdelagalaure.com\/#\/schema\/logo\/image\/"},"sameAs":["https:\/\/m.facebook.com\/MariePascaleBertholet\/?tsid=0.8725199219164916&amp;amp;amp;amp;amp;amp;amp;amp;amp;source=result"]}]}},"jetpack_sharing_enabled":true,"_links":{"self":[{"href":"https:\/\/mielsdelagalaure.com\/index.php\/wp-json\/wp\/v2\/pages\/54","targetHints":{"allow":["GET"]}}],"collection":[{"href":"https:\/\/mielsdelagalaure.com\/index.php\/wp-json\/wp\/v2\/pages"}],"about":[{"href":"https:\/\/mielsdelagalaure.com\/index.php\/wp-json\/wp\/v2\/types\/page"}],"author":[{"embeddable":true,"href":"https:\/\/mielsdelagalaure.com\/index.php\/wp-json\/wp\/v2\/users\/1"}],"replies":[{"embeddable":true,"href":"https:\/\/mielsdelagalaure.com\/index.php\/wp-json\/wp\/v2\/comments?post=54"}],"version-history":[{"count":18,"href":"https:\/\/mielsdelagalaure.com\/index.php\/wp-json\/wp\/v2\/pages\/54\/revisions"}],"predecessor-version":[{"id":652,"href":"https:\/\/mielsdelagalaure.com\/index.php\/wp-json\/wp\/v2\/pages\/54\/revisions\/652"}],"wp:attachment":[{"href":"https:\/\/mielsdelagalaure.com\/index.php\/wp-json\/wp\/v2\/media?parent=54"}],"curies":[{"name":"wp","href":"https:\/\/api.w.org\/{rel}","templated":true}]}}